is the remainder when t is divided by 15?
12
Let k be (9*-1)/(6 + -6 + -1). Let i = k + 54. Let o(q) = 5*q - 9. What is the remainder when i is divided by o(4)?
8
Suppose 0 = -21*m + 11*m + 40. Suppose 7*w - 3*w = -2*p + 186, -m*p = -3*w - 383. Calculate the remainder when 1137 is divided by p.
92
Suppose b = -3*f + 32 + 36, -3*f - 2*b = -67. Suppose -348*y + 1043*y - 93825 = 0. Calculate the remainder when y is divided by f.
20
Suppose 15 = -4*o - 21. Let z(k) = k**3 + 9*k**2 - 6*k + 12. Let p = -17 - -51. Calculate the remainder when z(o) is divided by p.
32
Let c = 215 - 42. Let o = 44 + c. What is the remainder when o is divided by 20?
17
Let u = 62 - 68. Suppose -3*j = 5*t - 2*j - 87, 5*t - 96 = 2*j. Calculate the remainder when -4 + 2 - u - -29 is divided by t.
15
Suppose -2*l - 78 = 260. Let s = -164 - l. Calculate the remainder when 59 is divided by s.
4
Suppose 52*c + 89 - 12569 = 0. Suppose 4*d + 8 = 2*o - 0*d, 3*o + 3*d - 48 = 0. Calculate the remainder when 551/10 + (-24)/c is divided by o.
7
Suppose -7 = -16*i + 9*i, 5*i + 130 = 5*p. Calculate the remainder when 3211 is divided by p.
25
Let c = 0 - -77. Let l = -3782 + 3820. Calculate the remainder when c is divided by l.
1
Let d(i) = -544*i**2 - 2*i + 3. Let g be d(1). Let k = g - -568. Calculate the remainder when 147 is divided by k.
22
Let r(n) = 22 - 9 + n**2 + 17*n + 22. Let f be r(-15). Calculate the remainder when 28 is divided by f*(0 + (-4 - -6)).
8
Suppose 4*o = 109 - 45. Suppose o = -5*a - 7*r + 3*r, r - 1 = 0. Let t(l) = l**3 + 3*l**2 - 7*l + 5. Calculate the remainder when 48 is divided by t(a).
14
Suppose -2*s - 15 = -5*s. Suppose k - 16 = -4*h, -5*k - s*h + 59 + 81 = 0. Calculate the remainder when 31*((-20)/15)/((-4)/9) is divided by k.
29
Let o = -101 - -154. Suppose -a + 3*a - o = 5*q, -3*a - 2*q + 70 = 0. Suppose -a = 37*x - 40*x. What is the remainder when 29 is divided by x?
5
Suppose 0 = -2*t + 5*y + 42, -77*y + 77 = 3*t - 81*y. Calculate the remainder when 9423 is divided by t.
30
Suppose -p = -4*h + 864, 3*h + 205 = 4*h - 3*p. Calculate the remainder when h is divided by (-2772)/(-189)*((-84)/(-16))/7.
8
Suppose 0*u - 4*g - 7 = -u, -3*u - 5*g + 4 = 0. What is the remainder when (-1 - (-154)/u) + (-36)/(-54) is divided by 26?
25
Suppose -2*h - 985 = -6*h + 3*b, 0 = -3*h - 5*b + 746. Calculate the remainder when h is divided by 144.
103
Let u(s) be the first derivative of s**3/3 - 7*s**2/2 + 16*s - 58. What is the remainder when 29 is divided by u(7)?
13
Let m = -14399 + 14433. What is the remainder when 134 is divided by m?
32
Let g be -5*(0/(-2) - 3). Let h(b) = 3*b - 8. Let j be h(g). Suppose 0 = f - 4*o - j, 0*f + 4*o = -4*f + 88. What is the remainder when f is divided by 7?
4
Let f(q) = -2*q**3 - 5*q**2 + 4*q + 11. What is the remainder when (-1265)/(-46) + (2/4 - 1) is divided by f(-3)?
3
Let l = 228 + -154. Suppose -11*w + 1783 - 1607 = 0. What is the remainder when l is divided by w?
10
Suppose h = -5*p - 74, -h - 39 - 11 = -3*p. Let q = h + 55. Calculate the remainder when ((535/2)/5)/((-2)/q) is divided by 27.
26
Let o be (-524)/9 + -1 + (-66)/(-54). Let z = 22 + -16. What is the remainder when (-19)/(-38) - o/4 is divided by z?
3
Let r(j) = j - 14. Let v be r(12). Let a be 1 + v - (-3 + -60). Let h = a + -35. Calculate the remainder when h is divided by 7.
6
Let g(c) = -c**3 + c**2 + 21*c + 40. Calculate the remainder when 39 is divided by g(-2).
9
Let d be 40/16*(6036/10)/3. Suppose 381 = 34*u - d. What is the remainder when u is divided by (7/2)/((-2)/(-8))?
12
Suppose 10*n + 5 = 3*f + 11*n, 5*n - 25 = -5*f. Suppose f = 14*i - 56 - 14. Calculate the remainder when 33 is divided by i.
3
Suppose -17 = 8*y - 33. Suppose -y*g = -5*b - 3 - 75, -2*g + 72 = -2*b. Calculate the remainder when 128 is divided by g.
26
Let p(r) = r**3 - 9*r**2 - 8*r - 19. Let c be p(10). What is the remainder when 51 is divided by -42 - -42 - (-16 + c)?
6
Let v be 1 + 3/(-1) + 19. Let k = v - 13. Suppose -k*w - 25 + 301 = 0. What is the remainder when w is divided by 18?
15
Suppose t = 5*t - 92. Let m(r) = 23 - 48 + 30 + 4*r. What is the remainder when t is divided by m(0)?
3
Let f be -1*2 - (3 - 3). Let c(m) = -5*m - 3. Suppose -o + 42 = -2*d, -3*o + 2*d = -132 + 50. Calculate the remainder when o is divided by c(f).
6
Let z = 12 + -10. Suppose z*h = -5*w + 71, 6*w - h = 5*w + 17. Calculate the remainder when 26 is divided by w.
11
Suppose -2*q = 4*x - 128, 0 = -q - 3*q - 5*x + 256. Let r = -314 - -347. What is the remainder when q is divided by r?
31
Let l be 16473/(-85) + 2 + 33/(-15). Let k = l - -209. What is the remainder when 52 is divided by k?
7
Calculate the remainder when (-4 - 322)*(-3)/6 is divided by (-2)/(((-2)/(-4))/(1393/(-398))).
9
Let u be (11 + -10 + -16)*2*-1. Calculate the remainder when (1 - (-528)/u)/((-6)/(-30)) is divided by 28.
9
Calculate the remainder when 490/(-5145) - (-6934)/42 is divided by 80.
5
Let p = -474 - -636. Suppose -139*y - 368 = -p*y. What is the remainder when 110 is divided by y?
14
Suppose -19*p + 7*p = 29*p - 402825. Calculate the remainder when p is divided by 156.
153
Suppose 0 = -26*c - 697 + 2283. Calculate the remainder when 7494 is divided by c.
52
Let j(r) = r**3 - 21*r**2 + 5*r - 26. Suppose 5*y = 4*g - 2694 - 1417, 5*g = -5*y + 5105. Calculate the remainder when g is divided by j(21).
76
Suppose 4*l + 200 = 4*f - 12, 0 = -f - 4*l + 78. Suppose 0 = f*w - 39*w - 950. Calculate the remainder when 116 is divided by w.
16
Let a(w) = -w**3 + 7*w**2 - 2*w + 1. Calculate the remainder when a(6) is divided by (32/(-14))/((-16)/56).
1
Suppose 32 = b + 2*d - 109, -3*d + 656 = 5*b. Calculate the remainder when 460 is divided by b.
79
Suppose -81 = 2*q - 6*q + 5*k, -5*k - 62 = -3*q. Suppose s = 5*i + 23, -2*s + 0*s = -i - q. Let g = 218 - 215. What is the remainder when s is divided by g?
2
Suppose -12*k - 5*t + 95 = -11*k, 3*t + 380 = 4*k. Let s = k + -79. Suppose s*d = 15*d + 72. Calculate the remainder when d is divided by 15.
12
Let b(k) = -k**2 - 21*k + 98. Let a be b(-22). Suppose -4*x + 4*c = -c - a, c = -x + 28. Calculate the remainder when 71 is divided by x.
23
Let a be ((-17969)/(-4))/17 - (-6)/8. Suppose 3*v + 2*d + 262 = 1032, -v + a = -d. Calculate the remainder when v is divided by 29.
28
Calculate the remainder when 788 is divided by (15/2 + 2/(-4))*4056/1183.
20
Let b be (-6)/9*(1 - 115). Let j = b + -86. Let k = 30 + j. Calculate the remainder when 119 is divided by k.
19
Let o(h) = 62*h + 681. What is the remainder when o(10) is divided by 6?
5
Let a = 9395 + -9289. Calculate the remainder when 727 is divided by a.
91
Let k(s) = 3*s - 13. Let j be k(5). Suppose -j*y = -5*n + 144, -n = 3*n - 4*y - 120. Let h = n + -9. Calculate the remainder when 52 is divided by h.
14
Let j = 34551 + -34502. Suppose 5*b = 242 + 18. Let l = b - 26. Calculate the remainder when j is divided by l.
23
Suppose 30*p - 1767 = 903. Calculate the remainder when 221 is divided by p.
43
Let y = -27 + 35. Let w be 6532/y + (-2)/4. Let s = w - 572. What is the remainder when s is divided by 49?
48
Suppose 2*b - t - 4 = 2*t, b - 4*t = 12. Calculate the remainder when 47 is divided by 36*((-48)/18)/b.
23
Let h(q) = -q + 13. Let o be h(12). Suppose 0*w + o = -w - 3*d, w + 2*d - 1 = 0. Calculate the remainder when (-8 - w)/(0 - 1) is divided by 4.
1
Let j = -219 - -224. Suppose -31*v + 728 = -27*v. What is the remainder when v is divided by j?
2
Let l(k) = 7*k**2 + 146*k + 593. What is the remainder when l(-4) is divided by 25?
21
Let k(h) = 18*h**3 - 15*h**2 + 9*h + 4. Let a(b) be the first derivative of -5*b**4/4 + b**3/3 - b + 1. Calculate the remainder when k(1) is divided by a(-1).
1
Suppose -4*x = -13 - 23. Let q(b) = b + 2. Let d be q(1). Suppose -2*h = -d*p + 5*p - 64, 4*p + 7 = h. Calculate the remainder when h is divided by x.
0
Let x(b) be the second derivative of b**5/5 - b**4/12 + 16*b. Let r be x(-1). What is the remainder when 58 is divided by r/(-10) + 41/2?
16
Let w = 903 - 367. What is the remainder when w is divided by 12?
8
Suppose 2*g + 3*l - 25 = 0, 1 = -g - 7*l + 10*l. What is the remainder when -12 + g - (1 + (-228 - 1)) is divided by 25?
24
What is the remainder when (-2152)/(-3) - ((-2460)/4797 + 2/(-13)) is divi